s y(o)?
1
Suppose 5*l - 3*g + 0 + 47 = 0, 4*l - 4*g = -36. Let t(d) = 2*d + 12. What is t(l)?
-8
Let t(l) = -l**2 + 4*l - 1. Let y be t(5). Let u(v) = v**3 - v**2 + v + 3. Let n(x) = 5*x**3 - 11*x**2 + 12*x + 23. Let j(q) = n(q) - 6*u(q). Calculate j(y).
5
Let f(a) = -a - 2. Suppose 0 = 8*p - 5*p + 6. Let x be p/(2/8 + (-77)/84). Calculate f(x).
-5
Let h(p) = p**2 + 6*p - 10. Let v be h(-8). Suppose -j = v - 3. Let g(l) be the third derivative of l**6/120 + l**5/20 - l**4/8 + l**3/6 - 63*l**2. Give g(j).
10
Suppose 3*j = 8*j. Suppose j = 2*l - l - 9. Let n = -13 + l. Let g(u) = 4*u + 4. What is g(n)?
-12
Let w(p) be the first derivative of 3/2*p**2 - 11 - p. Let u be w(0). Let f(x) = 8*x**3 + x**2 + x + 1. Give f(u).
-7
Let j = -48 - -50. Let d(a) = a - 11*a**j - 19*a**2 + 28*a**2 - a**3. What is d(-2)?
-2
Let u(t) = 3*t**3 + 17*t**2 - 11*t - 26. Let v be u(-6). Let j(r) be the second derivative of -v*r + 1/6*r**3 + 0*r**2 + 0. Calculate j(-4).
-4
Let x(q) = q**2 - q + 3. Suppose -8*h + 12*h = -2*i + 10, -3*h - 5*i + 11 = 0. Determine x(h).
5
Let q(x) = -x**2 - 4*x + 1. Let f be -9*1*(-3 + 1). Suppose 7*v = -2*o + 3*v + f, 0 = -o + v + 12. Suppose -5*w - 4 = o. Give q(w).
4
Let u(c) = -c**2 + 16*c + 1. Let g be u(16). Let y(l) = 3*l - 2 - l**2 - 3 + 4. Give y(g).
1
Suppose 3*d - 33 = 3*z, 4*d = 3*z + 2*d + 36. Let y(w) = w**3 + 15*w**2 + 15*w + 11. Determine y(z).
-3
Let i = 23 - 23. Let q(g) = -9 - 2*g + i*g + 2*g - 2*g. Calculate q(-6).
3
Let a(q) be the third derivative of -q**5/60 - 5*q**4/12 + 7*q**3/6 - 17*q**2. Determine a(-10).
7
Let p(r) = 2*r - 1. Let h be p(-2). Let n(x) be the second derivative of x**4/12 + 5*x**3/6 + 3*x**2/2 - 2*x + 96. Calculate n(h).
3
Suppose 5*k + 21 = -2*t, -2*t = 2*k + 1 + 11. Let p be 3/18*k*10. Let y(o) = o**2 + 5*o + 6. Calculate y(p).
6
Let m(c) = 7*c + 1. Suppose -7*h + 12*h - 25 = 0. Suppose 28 = 3*a - 5*t, a - 6 = 2*t + h. Calculate m(a).
8
Let k(q) = -7*q - 1. Suppose 4*n + 5 = 1. Let g be k(n). Let c(r) = -40*r + 20*r + 21*r + 0 - 4. What is c(g)?
2
Let w(y) = -y**2 + 3*y + 17. Let f be w(7). Let d(t) = -2*t + 3. Let v(a) = 10*a - 15. Let o(j) = f*d(j) - 2*v(j). Calculate o(5).
7
Let p(b) = -16*b - 85. Let n be p(-5). Let g(x) be the first derivative of -7*x + 1 - 1/2*x**2. Calculate g(n).
-2
Suppose -q = 2*g, 2*g - 4*g = -4*q + 20. Let a(y) = y**3 + 0*y**2 + 4 + q*y - 4*y**2 + 10*y**2. Calculate a(-5).
9
Let f be (-4)/5*10/(-4). Let o(c) = -c**2 - 4*c - 3. Let y be o(-3). Let n(l) = -4*l**2 + 0*l**2 + l**3 + 3*l + y*l. What is n(f)?
-2
Suppose 0 = 4*m - 4*q - 8 - 20, -10 = -2*q. Suppose 12*f = 9*f + m. Let k(a) = a + 3. Determine k(f).
7
Let q(g) be the first derivative of -g**4/4 + 13*g**3/3 + 13*g**2/2 + 3*g - 193. Determine q(14).
-11
Let h(j) be the third derivative of j**4/24 - 5*j**3/6 + 4*j**2 - 2. Determine h(-5).
-10
Let w(l) = l**3 - 3*l**2 + l. Let p be w(3). Let s(n) be the third derivative of 5*n**4/24 + n**3/6 + 735*n**2. What is s(p)?
16
Let v(d) = d**2 - 7*d + 2. Suppose -4*i - 95 = 5*k, 4*i = -2*k - 0*i - 50. Let y = 22 + k. Give v(y).
2
Let l(x) = 4*x**2 + 10*x + 2. Let i = -3 + -1. Let v(m) = 11*m + 1 - 23*m**2 + 5 + 28*m**2 - 3. Let j(w) = i*l(w) + 3*v(w). Determine j(-5).
11
Let o(q) = q**2 + 7*q + 17. Let t be o(-5). Let g(n) = 3*n**2 + 3*n + 14. Let u(w) = -w**2 - 2*w - 7. Let a(x) = 2*g(x) + 5*u(x). What is a(t)?
14
Let s be ((-4)/10)/(2/(-20)). Suppose -2*i = 18 - s. Let g = -5 - i. Let a(v) = v**3 - 2*v. What is a(g)?
4
Let h(d) be the first derivative of d**4/12 - d**2/2 + d + 28. Let r(i) be the first derivative of h(i). Give r(-2).
3
Let k(c) = 3*c + 5 - 3*c - 4*c. Suppose z + 10 = 3*a, -6*a = 3*z - 9*a. Let y(h) = 3*h - 5. Let g(u) = z*k(u) + 6*y(u). Calculate g(-6).
7
Let n be (-4)/6*15/(-1). Suppose n = -2*u + 3*s, 2*u - s = u - 3. Let o(c) = 138 + 141 - 562 + 139 + 144 - 4*c. Determine o(u).
-4
Let q(u) = -u**2 + 5*u + 3. Suppose -2*h + 14 = -0*h + n, 2*n - 34 = -5*h. What is q(h)?
-3
Let t(o) = -o**2 + 9*o - 8. Suppose -5*b = -15, -4*b + 19 + 17 = 3*u. Calculate t(u).
0
Let x = -17 - -16. Let s(t) be the first derivative of -t**5/60 - t**4/24 + t**3 - 7. Let r(v) be the third derivative of s(v). Determine r(x).
1
Let j(h) = h**3 + 7*h**2 + 7 - 5*h**2 - 5*h + 3*h**2. Suppose 72 = 6*s - 3*s. Suppose -3*n = n + s. What is j(n)?
1
Let o(b) be the first derivative of -b**6/120 + b**5/12 + b**3 - 15*b**2/2 - 15. Let x(s) be the second derivative of o(s). Determine x(5).
6
Suppose b = -2*x - 0*x - 21, -5*b + 2*x - 105 = 0. Let j = -17 - b. Let m(s) = s**3 - 4*s**2 - 5. Give m(j).
-5
Suppose 0 = -3*p - 3*n - 9, 0*p + 3*n + 17 = p. Let s(i) = 4*i**2 + 2*i**2 - 4*i**2 - 2 - p*i**3 + 2*i + i**3. Let k be 0 - (4/2 - 0). What is s(k)?
10
Let m = -1 - -1. Let b(c) = 6 - c - 22 + 4 - c**2 + 5 + 11. Calculate b(m).
4
Suppose -3*d - g = -5, -4*g + 29 - 9 = 4*d. Suppose -x + 5*x - 4 = d. Let h(b) = -45*b + 47*b + 15*b**2 + x - 2*b**2. Give h(-1).
12
Let n(o) be the second derivative of o**4/12 + 2*o**3/3 + 3*o**2/2 - 13*o + 10. Give n(-3).
0
Let s = -17 - -20. Suppose -s*o + 3*k + 4 = -2*k, 0 = -5*k - 10. Let z be -6 + (4 - 2) + o. Let m(u) = u**2 + 7*u + 4. Give m(z).
-2
Let z(p) = 5*p**2 + 5*p + 2. Let l be z(-1). Let n be 1 + l - (-5 - -9 - 7). Let b(a) = -a**2 + 6*a + 1. Give b(n).
1
Let o(h) = 6*h**2 + 2*h - 1. Let c(i) = -i**3 - i - 1. Let d(z) = c(z) - o(z). Let v(b) = b**2 + 11*b - 14. Let q = 11 - 23. Let k be v(q). Calculate d(k).
-10
Let j(p) be the first derivative of p**7/840 + p**6/90 - 7*p**5/120 - p**4/4 + 2*p**3 - 22. Let b(x) be the third derivative of j(x). Determine b(-5).
4
Let q(c) = c + 6. Let b be q(-6). Let j(w) be the second derivative of 0 + 1/6*w**3 + 13*w - 10*w**2. Calculate j(b).
-20
Let n = 137 - 158. Let l be -4 - ((-4)/14 - 6/n). Let x(j) = j**2 + 4*j + 5. What is x(l)?
5
Let g = -248 - -259. Let p(x) = x**2 - 9*x - 15. Determine p(g).
7
Let y(o) = -6*o**2 - 53 + o**3 + 102 - 55 + o. What is y(6)?
0
Let g(b) = -b - 15. Let q be g(-16). Let w(y) = -7 - 1 - 11*y**2 + y + 10 - 3. Calculate w(q).
-11
Let v(i) = -3*i**3 + 13*i + 8*i**2 + 4 + 2*i**3 - 20*i**2. Suppose 0 = 3*y + 15, -2*m - y - 51 = 4*y. Let c be v(m). Let j(h) = 4*h - 6. Calculate j(c).
10
Let y be -1*(6*3)/2. Let s = 14 + y. Let r(c) = s*c**2 + c + c**3 + 4*c + 6 + c. Determine r(-4).
-2
Suppose 0 = -23*k + 16*k + 21581. Let g(i) = k*i**2 - 3084*i**2 + 0 - 7*i - 2. Let l(s) = -4*s. Let d be l(2). Give g(d).
-10
Let l(a) be the third derivative of -a**5/60 - a**4/24 - a**3 + 6*a**2 + 13. Give l(-3).
-12
Let n(o) = o**2 - 5*o + 8. Let d(f) = 3*f**2 - 14*f + 22. Let a(u) = -4*d(u) + 11*n(u). Calculate a(3).
-6
Suppose -3*i - 6 = 3. Let q(t) = t + 8. Let h be q(i). Let a(u) = -2*u - 5 + 0*u**2 + 4*u**2 - 3*u**2. What is a(h)?
10
Let c = -1 - -1. Let t(d) = d - 11 + 18 - 2. Calculate t(c).
5
Let v(x) be the third derivative of x**6/120 - x**4/24 - 3*x**3/2 - 10*x**2 - 100*x. Suppose -f = -0*f. What is v(f)?
-9
Let i(w) be the third derivative of -w**5/30 - 7*w**4/12 + w**3/6 - 28*w**2. Let c be i(-7). Let x(f) = -4*f**2 + f. What is x(c)?
-3
Let v be (-70)/(-18) + 2/18. Let l(o) = -o**3 + o**2 + 4*o - 5. Determine l(v).
-37
Let d(g) = -6*g + 79*g**3 - 7*g**2 - 4 - 80*g**3 - g - 1. Let m = 3 - 6. Let b be -2*1 - (m + 7). Calculate d(b).
1
Let h(l) = l + 2. Suppose t + t + 3*r = 1, 2*t + 5 = -5*r. Let q(b) = b**2 - 4*b - 7. Let k be q(t). What is h(k)?
0
Let b(y) be the first derivative of -y**3/3 + y**2 + 25*y - 18. Determine b(6).
1
Let o be -1 + ((-35)/20)/(1/(-4)). Let s(l) = -l**3 + 5*l**2 + 5*l + 10. Give s(o).
4
Let d(t) = -3 + 0*t + 6*t - 2*t. Let b = -264 - -266. Determine d(b).
5
Let p(f) = -2*f - 29. Let z(i) = 3*i + 59. Let k(h) = -7*p(h) - 3*z(h). What is k(-6)?
-4
Suppose 2*d - 5*u = -33, -u - 20 = -5*u. Let z(n) be the third derivative of -1/120*n**6 + 14*n**2 + 1/4*n**4 + 0 + 1/6*n**3 - 1/30*n**5 + 0*n. What is z(d)?
9
Suppose -5*a + 2*n = 63 - 45, 0 = -2*a - 3*n + 8. Let g(j) = -2*j**2 + 1. Give g(a).
-7
Let j(d) = -40 + 30 + 17 - d. Calculate j(6).
1
Suppose 64 = 3*r - 2. Suppose -4*q = r + 2. Let c(s) = -s**3 - 6*s**2 + s + 4. Give c(q).
-2
Suppose 3*b + 4*a + a - 43 = 0, b - a = 1. Let n(j) = j**3 + 0*j + 6*j + b*j**2 - 1 + j. Let d(u) = 5*u**3 - 2*u - 2. Let c be d(-1)